t is 12 - -35?
47
In base 5, what is -24 - -244?
220
In base 13, what is 3 - 212?
-20c
In base 11, what is -a - 21?
-30
In base 3, what is -22122200 + -1?
-22122201
In base 7, what is -5 - -103?
65
In base 10, what is -36 + 11?
-25
In base 9, what is -250 + 0?
-250
In base 5, what is -4 + -110?
-114
In base 7, what is 1 + 1664?
1665
In base 8, what is 10053 - 2?
10051
In base 9, what is 1 + -10?
-8
In base 6, what is 11 - -30?
41
In base 14, what is 17 - 1c?
-5
In base 11, what is -168 + -2?
-16a
In base 14, what is -46 - 4?
-4a
In base 5, what is 4 + 11?
20
In base 10, what is -4 + -271?
-275
In base 11, what is -2 - -4a?
48
In base 3, what is 201 - -20101?
21002
In base 2, what is 1011011001 + -11?
1011010110
In base 16, what is -d0 - -1b?
-b5
In base 4, what is -11331 + 3?
-11322
In base 12, what is 130 - -2?
132
In base 9, what is -1676 - 16?
-1703
In base 8, what is 1424 - -1?
1425
In base 4, what is -1333 + -2?
-2001
In base 5, what is -1 - 201?
-202
In base 5, what is -3 - -40421?
40413
In base 4, what is 3 - -2101?
2110
In base 5, what is 102 + 20?
122
In base 13, what is -13 + a?
-6
In base 3, what is 1210 - -2222?
11202
In base 2, what is 11 - -100100000?
100100011
In base 4, what is -102 + -21?
-123
In base 4, what is 11232 - -11?
11303
In base 10, what is 3 - 362?
-359
In base 11, what is -55 + -a?
-64
In base 11, what is 3 - 91?
-89
In base 6, what is 10541 - -1?
10542
In base 11, what is 133 - -2?
135
In base 4, what is -11303 + -1?
-11310
In base 7, what is -3 - -211?
205
In base 10, what is 28 + -3?
25
In base 3, what is 1112012 + 10?
1112022
In base 16, what is 28 - -8?
30
In base 5, what is -21 + 202?
131
In base 8, what is 4 - -25?
31
In base 11, what is 0 + -299?
-299
In base 3, what is -2112220 + 11?
-2112202
In base 3, what is 120 + 221?
1111
In base 14, what is -345 - -5?
-340
In base 3, what is -11 + 10000?
2212
In base 2, what is 1010 - 10101?
-1011
In base 3, what is -11022 + 21?
-11001
In base 14, what is 44 + 0?
44
In base 2, what is 1 - 11110?
-11101
In base 3, what is 0 + 11110?
11110
In base 15, what is 5 + -160?
-15a
In base 3, what is -10102220 + 11?
-10102202
In base 11, what is -1 - 71?
-72
In base 9, what is 268 - -3?
272
In base 3, what is -111 - 1102110?
-1102221
In base 12, what is 7a - 54?
26
In base 8, what is 0 + -1273?
-1273
In base 7, what is 2 - 16515?
-16513
In base 8, what is -15 + 252?
235
In base 12, what is -45 - 4?
-49
In base 8, what is 40 + 2174?
2234
In base 2, what is 10 + -10?
0
In base 7, what is 0 - -1642?
1642
In base 13, what is 1 + -2ba?
-2b9
In base 8, what is 23 + 60?
103
In base 8, what is -635 + -1?
-636
In base 11, what is 12323 + 5?
12328
In base 8, what is 113 - -365?
500
In base 8, what is 5 - -3377?
3404
In base 4, what is -232230 - 11?
-232301
In base 5, what is -114 + -2?
-121
In base 5, what is 10 - -112?
122
In base 14, what is 0 - 126?
-126
In base 12, what is -165 + -3?
-168
In base 4, what is -10 + 1221?
1211
In base 7, what is 6 - 21?
-12
In base 6, what is 4 - 114?
-110
In base 7, what is -10 + 565?
555
In base 5, what is -22420 + 12?
-22403
In base 2, what is 101 + -11001111?
-11001010
In base 2, what is 11111100 + -1111?
11101101
In base 2, what is 10010100000110 - 0?
10010100000110
In base 11, what is 1 - -22?
23
In base 11, what is 4 + 23?
27
In base 11, what is 867 - -1?
868
In base 7, what is 10614 + 4?
10621
In base 12, what is 5 - -12a?
133
In base 8, what is 12 - -5221?
5233
In base 16, what is -2 - -418?
416
In base 3, what is -111 - -2221?
2110
In base 9, what is 152 + -218?
-56
In base 5, what is 220123 - -1?
220124
In base 11, what is -a + 5?
-5
In base 2, what is -11010 - -111000?
11110
In base 6, what is -5 + -333?
-342
In base 8, what is -1 - 1356?
-1357
In base 12, what is -3 - 98?
-9b
In base 2, what is -1110111000 + -11?
-1110111011
In base 13, what is 21 - a6?
-85
In base 15, what is -a - 626?
-631
In base 16, what is -5 - -e9?
e4
In base 9, what is 7 - -1?
8
In base 9, what is 712 - 3?
708
In base 12, what is 15 + 24?
39
In base 12, what is -122 - 5?
-127
In base 9, what is 305 + 63?
368
In base 3, what is -11 - 12010?
-12021
In base 13, what is -907 + 3?
-904
In base 5, what is 32 + 4?
41
In base 7, what is -5 + 13?
5
In base 9, what is 6 - -25?
32
In base 7, what is -351 + 40?
-311
In base 2, what is -101 + 1110100?
1101111
In base 15, what is -1ae + d?
-1a1
In base 13, what is c + 14?
23
In base 3, what is -11 + 202?
121
In base 11, what is -31a - -7?
-313
In base 7, what is 144 + -40?
104
In base 12, what is -419 + 9?
-410
In base 14, what is 5 + 341?
346
In base 16, what is -5 - 27?
-2c
In base 3, what is -200212 - 1?
-200220
In base 11, what is 133 - 4?
12a
In base 6, what is -41 + 15?
-22
In base 15, what is 2bc4 - 5?
2bbe
In base 3, what is -2122221 - -10?
-2122211
In base 2, what is -101 - 110?
-1011
In base 2, what is 110101010011 - -11?
110101010110
In base 13, what is -14 + 25?
11
In base 12, what is 5 - -18?
21
In base 11, what is -11a - 6?
-125
In base 13, what is 1 + -41?
-40
In base 14, what is 3 - -37?
3a
In base 7, what is 6 - -1614?
1623
In base 4, what is 1012 + 3?
1021
In base 3, what is -1011 + -100?
-1111
In base 9, what is 5 + -602?
-586
In base 9, what is 45603 + 1?
45604
In base 3, what is -1021 - -102?
-212
In base 15, what is -177 - -1?
-176
In base 2, what is -1000 + -10?
-1010
In base 15, what is -d2 + 1e?
-b3
In base 8, what is -27 + 14?
-13
In base 15, what is 3 + 0?
3
In base 11, what is 5a - -28?
87
In base 12, what is 0 + 33?
33
In base 10, what is -1273 + 4?
-1269
In base 14, what is -13c - -3?
-139
In base 7, what is 204 - -50?
254
In base 6, what is -2334 - 0?
-2334
In base 4, what is 22 - 211123?
-211101
In base 13, what is 14 + -7?
a
In base 4, what is 120 + -12?
102
In base 14, what is -4 - -5d?
59
In base 15, what is 38 - 1?
37
In base 8, what is -2 + 7035?
7033
In base 3, what is -12220001 + -1?
-12220002
In base 2, what is 11111111101000 - 101?
11111111100011
In base 6, what is 35052 - -4?
35100
In base 11, what is -1 - -7a5?
7a4
In base 15, what is 7 + 156?
15d
In base 9, what is 0 - -86?
86
In base 13, what is 2 - 68c?
-68a
In base 7, what is -12 - -2146?
2134
In base 11, what is 27 + 1?
28
In base 2, what is -1001010 + -101?
-1001111
In base 6, what is 4 - -12054?
12102
In base 2, what is 10100 - 1000000101?
-111110001
In base 7, what is 2 - 305?
-303
In base 6, what is 0 - -3?
3
In base 10, what is -2 + -390?
-392
In base 10, what is -11 - -247?
236
In base 11, what is -210 + 4?
-207
In base 10, what is 2 - 1101?
-1099
In base 11, what is -7 + 123?
117
In base 6, what is 10154 - 30?
10124
In base 13, what is -70 - -6c?
-1
In base 10, what is -4 - -136?
132
In base 11, what is 746 - 8?
739
In base 3, what is -10121 + 102?
-10012
In base 9, what is -84 - -6?
-77
In base 13, what is 5 + -39?
-34
In base 7, what is 14 + 420?
434
In base 12, what is 313 - 16?
2b9
In base 9, what is -5 - -47?
42
In base 11, what is -1 - -218?
217
In base 6, what is -10 + -2043?
-2053
In base 15, what is 43 - 2d?
15
In base 12, what is 6 - -3a3?
3a9
In base 2, what is 1101110100 + 0?
1101110100
In base 6, what is -4 + -210?
-214
In base 2, what is -110 + 10110001?
10101011
In base 15, what is -3 + 35?
32
In base 11, what is 267 - -4?
270
In base 16, what is 9d3 + 5?
9d8
In base 13, what is -1897 + 2?
-1895
In base 9, what is -233 - -2?
-231
In base 3, what is -221 + -100?
-1021
In base 14, what is -1a5 + -5?
-1aa
In base 6, what is -5 - 4004?
-4013
In base 6, what is -522 + 11?
-511
In base 6, what is 1413 - -2?
1415
In base 9, what is -113 + -1?
-114
In base 4, what is -10 - -131?
121
In base 5, what is 4 + 34?
43
In base 2, what is -10011101101 + 11?
-10011101010
In base 12, what is 219 - 3?
216
In base 14, what is -a9 + cc?
23
In base 14, what is -3632 + 1?
-3631
In base 8, what is -1 + -276?
-277
In base 16, what is -d6 + b?
-cb
In base 8, what is 146 + 3?
151
In base 13, what is -1533 - -3?
-1530
In base 4, what is -3322030 + 3?
-3322021
In base 6, what is -34 - -11?
-23
In base 4, what is 10 - -2022?
2032
In base 3, what is 21 - -12002?
12100
In base 3, what is -2 - -1201?
1122
In base 14, what is -2d - -160?
131
In base 14, what is 0 + -33?
-33
In base 13, what is -2b8 - 0?
-2b8
In base 15, what is 98 + 1b?
b4